-1)*(c + 5). Suppose -25 = -t - 3*b, -l*t + 0*b = -4*b - 90. What are the prime factors of t?
37
Suppose 14*t + 180 = -72. Let o = t - -462. List the prime factors of o.
2, 3, 37
Let d(t) = -17 + 72*t - 42*t - 16 - 34*t. What are the prime factors of d(-25)?
67
Let j(r) = -r**2 + 29*r - 208. Let h be j(16). Suppose h = -27*w + 32*w - 4280. List the prime factors of w.
2, 107
Suppose 2176 = -9*u - 2414. Let z = -224 - u. List the prime factors of z.
2, 11, 13
Suppose -12*z + 13*z - 3 = 0. Suppose t = -2*a + 735, -z*a + 729 = t - 373. What are the prime factors of a?
367
Suppose 5*n = -3*s - s + 7, 5 = s - 2*n. Suppose s*u + 2*u = -3*l + 1640, -2*l - 315 = -u. List the prime factors of u.
5, 13
Suppose 0 = 5*f - 2*n - 1099 + 277, 3*f = -4*n + 488. Suppose 0 = -t + 116 + f. List the prime factors of t.
2, 5, 7
Let w(m) = -m**3 - 16*m**2 + 18*m + 25. Let k be w(-17). Suppose k*n - 3*n - 15 = 0. List the prime factors of 8668/66*n/2.
197
Suppose -48172 = y - 5*y + 10560. List the prime factors of y.
14683
Let d(k) = 3*k**2 - 4*k + 4. Let s(g) = -25*g - 174. Let a be s(-7). List the prime factors of d(a).
3
Suppose 5*c - j - 148 = 92, -5*c - 2*j = -240. Let t be 6/(-21) - c/(-21). Suppose -3*m - 2*i + 206 = t*m, 2*m - 65 = 5*i. What are the prime factors of m?
2, 5
Let o = -673 - -1104. Suppose 12*m = -18*m - 8220. Let b = o + m. List the prime factors of b.
157
Let k be (21/(-3))/(5/(-10*196)). Let i be k/10 - 1/(-5)*-2. Suppose -i = -2*r - 3*h, -4*h = -2*r + r + 148. What are the prime factors of r?
2, 5, 7
Let i be (0 + 6/3)/(1/2). List the prime factors of 7*(-3)/(-84)*i - -729.
2, 5, 73
Suppose 5*u + 22302 = 112907. List the prime factors of u.
18121
Let z(f) = 132*f. Let p be z(6). Suppose 12*y + 14*y - 130 = 0. Suppose 2*h + p = 3*v, 4*v + 2*h = y*h + 1055. List the prime factors of v.
2, 7, 19
Let h(c) = -2*c**3 + 27*c**2 + 5*c - 33. Let o = -214 + 226. What are the prime factors of h(o)?
3, 17
Suppose 578 = 26*k - 176. Suppose k*l + 2176 = 33*l. What are the prime factors of l?
2, 17
Let n be -6 + 120 - (16 - 8). List the prime factors of (n/8)/((-16)/(-256)).
2, 53
Suppose 0 = 22*h - 18 - 92. Suppose -41*t = h*t - 6118. What are the prime factors of t?
7, 19
Suppose 40*s - 16*s = 257664. List the prime factors of s.
2, 11, 61
Let u = -2 + 102. Let v = u + -92. Suppose -v*s = s - 1998. What are the prime factors of s?
2, 3, 37
Let z = -178 - -239. Suppose -45*n = -z*n + 3104. What are the prime factors of n?
2, 97
Suppose 69*l - 63*l = 0. Suppose n - 4*w - 970 = l, -w = -2*n + 2364 - 396. What are the prime factors of n?
2, 17, 29
Suppose -3*m + 3 = w - 141, 0 = m - 4*w - 35. Let o(z) = -z**3 + z - 1. Let l be o(-2). Suppose 12 = -3*j, -l*v + j + m = -4*v. List the prime factors of v.
43
Suppose 5*l - 39643 = 4*k, -3*l - 4*k = -35428 + 11655. List the prime factors of l.
7927
Suppose -16*w = -12*w - 16. Suppose w*n - 1141 = 7*l - 4*l, n + l = 280. What are the prime factors of n?
283
Let i = -655 - -3684. List the prime factors of i.
13, 233
Let n = -10 - -15. Let r(p) be the second derivative of -p**3/6 + 13*p**2 - 5*p - 5. What are the prime factors of r(n)?
3, 7
Let q(z) = 6*z**2 + 8*z + 53. Let d be 5440/(-935) - 2/11. List the prime factors of q(d).
13, 17
Let i(a) = 927*a**3 - 2*a**2 - 4*a + 6. List the prime factors of i(1).
3, 103
Let b(y) = -y**3 - 5*y**2 + 9*y - 5. Let o(r) = r**3 - 3*r**2 - 4*r + 5. Let a = -4 - -6. Let c be o(a). List the prime factors of b(c).
2, 3, 5
Let k = -250 - -255. Suppose k*g = -3*j + 109, 2*g = 4*j - 2*g - 156. List the prime factors of j.
2, 19
Suppose -5*o = -4*d - 29629, -35587 = -5*o - d - 5963. List the prime factors of o.
3, 5, 79
List the prime factors of (-30 - -4 - -41 - 16/2)*2579.
7, 2579
Let p be 1/(-2)*122*-7. Suppose -461 = 9*q + 1816. Let v = q + p. List the prime factors of v.
2, 3, 29
Let y(x) = 206*x + 94 - 6 + 42*x + 111 - 41*x. List the prime factors of y(6).
11, 131
Let a(n) = 4*n**2 - 98*n + 25. List the prime factors of a(42).
5, 593
Suppose 3*a - 15052 = -y, 0 = 3*y + 2*a + 7584 - 52705. What are the prime factors of y?
11, 1367
Suppose 0 = -3*k + 3*u - 12, -u + 4 = 4*k - 0*k. Suppose -d + 3 - 19 = k. What are the prime factors of 29*((-2)/(-3) - d/12)?
2, 29
Let k be (-16)/20*5/(-2). Suppose -b - 2*a + 14 = k*b, b = 3*a + 12. List the prime factors of ((-11)/(-3))/(b/108).
2, 3, 11
Let m(z) be the second derivative of -71*z**3/3 + 15*z**2 - 73*z + 1. What are the prime factors of m(-5)?
2, 5, 37
Let k(g) = -g**2 - g - 1. Let r(n) = 6*n**2 - 16*n + 53. Let y(o) = -6*k(o) + r(o). What are the prime factors of y(4)?
211
Let x(f) = f + 6. Let t be x(-12). Let m be (-7)/(-1) + 4*3/t. List the prime factors of (-1)/(-5) + 539/m.
2, 3
Let a(z) = -z**3 - 20*z**2 - 8*z - 15. Let b be a(-21). Suppose -3*y - 1140 = -5*y - 4*i, -4*i - b = -y. What are the prime factors of y?
2, 17
Let b(u) = -39*u - 1. Let v(z) = 1. Let n(a) = -b(a) - 4*v(a). Suppose 0 = -8*t - 296 + 320. List the prime factors of n(t).
2, 3, 19
Let u be 6/4*(11/(-3) - -5). Let f be (-3)/(1*u/(-50)). Suppose -105 = -3*r + f. List the prime factors of r.
2, 3, 5
Let i(z) = -7*z + 577. What are the prime factors of i(36)?
5, 13
Suppose 0*t - 4*t + 2 = -a, 2*t + 8 = 2*a. Suppose 0 = -2*v + a*v - 648. What are the prime factors of v?
2, 3
Suppose -304 = -4*r + 5*r. Let s(h) = 2*h**2 + 12*h - 9. Let l be s(-6). List the prime factors of 3/l + r/(-12).
5
Let v = -4891 + 9429. List the prime factors of v.
2, 2269
Suppose 11 + 78 = -5*u - g, 16 = -4*g. Let p = u - -17. Suppose p = 3*a + a + 3*j - 576, -584 = -4*a - j. List the prime factors of a.
3, 7
Suppose 36*g - 195783 = 40413. List the prime factors of g.
3
Suppose 0 = -6*s + 4*x + 34378, 4*s - 22900 = 26*x - 28*x. What are the prime factors of s?
3, 23, 83
Let z(h) = 13*h**3 + 4*h**2 + 15*h + 18. Let s(o) = 4*o**3 + o**2 + 5*o + 6. Let a(k) = 7*s(k) - 2*z(k). What are the prime factors of a(5)?
2
Suppose -4*p = 4*x - 1356, 2*p - 3*x - 1655 = -3*p. Let g = p + 66. List the prime factors of g.
2, 5
Let u(d) = d - 15. Let j be u(21). Suppose j*r - 87 = -57. Suppose 4*i - 70 = -w, -5*i + 137 = r*w - 273. List the prime factors of w.
2, 43
Suppose 0 = -9*m + 23164 - 1087. List the prime factors of m.
11, 223
Let w be ((-16)/(-28))/4 - 11208/7. Let f = 2459 + w. What are the prime factors of f?
2, 3, 11, 13
Let n be ((-5)/(-10))/((-1)/6). Let b(m) = -31*m. List the prime factors of b(n).
3, 31
Suppose -3*d + 5*d = -2. Let a be 0 - (-64)/d - (-4)/(-4). Let h = a + 199. What are the prime factors of h?
2, 67
Suppose 44*k = 340 - 1000. Let c(d) = -d - 3. Let r be c(-5). List the prime factors of -8*(k/r - -4).
2, 7
Let s(c) = 43*c**2 - 43*c - 685. What are the prime factors of s(-11)?
7, 23, 31
Let u be (4/(-12))/(4/(-4572)). Suppose u = -7*n + 2488. List the prime factors of n.
7, 43
Let m = 46 - 154. Let s be 6*(3/4 + 225/m). List the prime factors of 159/(-6)*16/s.
53
Let i(r) = 4 - 21*r - 10*r**2 + 10*r**2 - r**2. Let z be i(-21). Suppose -2*v - 5*f = v - 111, 12 = -z*f. What are the prime factors of v?
2, 3, 7
Let r = 2600 - 1494. What are the prime factors of r?
2, 7, 79
Let i be (4/(-6))/(-2)*(-6 + 54). Let y = -18 + i. List the prime factors of (1 + -3)/(1/60*y).
2, 3, 5
Let c(a) = 2*a**3 - 11*a**2 + 12*a - 23. Let h be c(5). List the prime factors of -4*((-2925)/h - (11 - 7)).
991
Let k(y) = 2223*y + 511. What are the prime factors of k(3)?
2, 5, 359
Suppose 0 = -6*k + 75 + 27. List the prime factors of k*(3 - 6 - (-2 + -2)).
17
Let b(h) = 319*h + 1. Let n be b(1). Suppose -m - n = -17*m. List the prime factors of m.
2, 5
Suppose 4*c - 20 = 0, -2*v + 73231 = 12*c - 15*c. List the prime factors of v.
53, 691
Let s = 27 + -29. Let o be 3 + -6 + (-418)/s. Suppose 6*z - 460 - o = 0. What are the prime factors of z?
3, 37
Suppose -3*g - 113371 = -290*o + 285*o, -3*g + 68037 = 3*o. List the prime factors of o.
2, 5669
Suppose -38588 = 12*n - 12224. Let a = -433 - n. List the prime factors of a.
2, 3, 7
Suppose v - 1125 = -5*m, -10*m + 14*m - 2250 = -2*v. Let j = v + -801. What are the prime factors of j?
2, 3
Let p be (0 + 0 + -1)/((-17)/(-1598)). Let y = 88 + p. Let q = 71 - y. List the prime factors of q.
7, 11
Let i(n) = 3*n + 9. Let f be i(12). Let q be (54/f)/((-12)/(-10